of 1063497415.
5, 212699483
List the prime factors of 4526255644.
2, 17, 66562583
What are the prime factors of 101176483?
101176483
What are the prime factors of 4318327908?
2, 3, 193, 621521
What are the prime factors of 262588913?
5323, 49331
What are the prime factors of 1168616617?
7, 166945231
What are the prime factors of 401788528?
2, 131, 191693
What are the prime factors of 22420679?
67, 334637
List the prime factors of 58517874.
2, 3, 3250993
List the prime factors of 1720234922.
2, 7, 311, 395093
What are the prime factors of 379232310?
2, 3, 5, 139, 199, 457
What are the prime factors of 74677691?
11, 761, 811
List the prime factors of 2715031841.
73, 83, 109, 4111
What are the prime factors of 81463684?
2, 223, 271, 337
What are the prime factors of 344016568?
2, 7, 41, 269, 557
List the prime factors of 61206945.
3, 5, 4080463
List the prime factors of 868193758.
2, 11119, 39041
List the prime factors of 1876602197.
2267, 827791
List the prime factors of 7187872.
2, 17, 73, 181
List the prime factors of 447704914.
2, 31, 232937
List the prime factors of 693338841.
3, 13, 23, 101, 2551
List the prime factors of 849455639.
109, 7793171
What are the prime factors of 5634887095?
5, 19, 59314601
List the prime factors of 480491793.
3, 53387977
What are the prime factors of 712819084?
2, 31, 43, 3109
List the prime factors of 1554274422.
2, 3, 86348579
List the prime factors of 75474699.
3, 587, 42859
List the prime factors of 44513046.
2, 3, 2472947
List the prime factors of 1712903063.
109, 283, 55529
What are the prime factors of 151516634?
2, 75758317
What are the prime factors of 8618572?
2, 2154643
What are the prime factors of 1991809913?
17, 23, 353, 14431
List the prime factors of 62214157.
62214157
List the prime factors of 895353089.
313, 2860553
What are the prime factors of 76318726?
2, 11, 73, 47521
What are the prime factors of 128598395?
5, 71, 151, 2399
List the prime factors of 31991457.
3, 10663819
What are the prime factors of 225503495?
5, 7, 19, 339103
What are the prime factors of 5542196413?
13, 426322801
List the prime factors of 30129120.
2, 3, 5, 7, 61
What are the prime factors of 1381877273?
7, 1039, 27143
What are the prime factors of 183913578?
2, 3, 19, 2213
List the prime factors of 1591882406.
2, 26099, 30497
List the prime factors of 106147256.
2, 73, 181759
List the prime factors of 3515008382.
2, 1757504191
What are the prime factors of 373141281?
3, 71, 1751837
What are the prime factors of 774293467?
774293467
What are the prime factors of 186526644?
2, 3, 47, 330721
List the prime factors of 71372394.
2, 3, 1321711
List the prime factors of 52287482.
2, 13, 2011057
List the prime factors of 2134695913.
7, 43, 1013, 7001
List the prime factors of 961873311.
3, 7, 17, 2694323
What are the prime factors of 1501936831?
1501936831
What are the prime factors of 31032375?
3, 5, 11, 7523
What are the prime factors of 124941073?
124941073
List the prime factors of 538595585.
5, 11, 1913, 5119
What are the prime factors of 3171672899?
29, 31, 3528001
What are the prime factors of 1266637539?
3, 37, 1291, 8839
List the prime factors of 163981455.
3, 5, 11, 993827
List the prime factors of 68700124.
2, 19, 903949
What are the prime factors of 44615764?
2, 11153941
List the prime factors of 51017196.
2, 3, 31, 137143
List the prime factors of 35367520.
2, 5, 221047
List the prime factors of 44398984.
2, 7, 769, 1031
What are the prime factors of 2389986843?
3, 37, 1423, 15131
List the prime factors of 888176690.
2, 5, 109, 814841
What are the prime factors of 1485530651?
11, 135048241
List the prime factors of 3827068610.
2, 5, 229, 1671209
List the prime factors of 8083627.
8083627
List the prime factors of 783877649.
783877649
What are the prime factors of 38429727?
3, 7, 29, 63103
What are the prime factors of 3832277451?
3, 127, 10058471
List the prime factors of 48018210.
2, 3, 5, 1600607
What are the prime factors of 583558635?
3, 5, 11, 37, 61, 1567
What are the prime factors of 87130192?
2, 1481, 3677
List the prime factors of 786574245.
3, 5, 7151, 7333
What are the prime factors of 5498727446?
2, 101, 617, 44119
What are the prime factors of 75848809?
5303, 14303
List the prime factors of 1786910938.
2, 613, 1457513
List the prime factors of 2572915803.
3, 1471, 583031
List the prime factors of 29844035.
5, 13, 53, 8663
What are the prime factors of 1436936361?
3, 7, 3041, 22501
What are the prime factors of 45221375?
5, 109, 3319
What are the prime factors of 90109381?
19, 43, 53, 2081
List the prime factors of 110716117.
110716117
What are the prime factors of 1000833870?
2, 3, 5, 1013, 32933
List the prime factors of 69183596.
2, 787, 21977
List the prime factors of 52046058.
2, 3, 8674343
List the prime factors of 2200961458.
2, 1100480729
List the prime factors of 501294058.
2, 29, 311, 27791
List the prime factors of 1087610604.
2, 3, 359, 252463
What are the prime factors of 148430651?
79, 1878869
What are the prime factors of 219653665?
5, 7, 11, 570529
List the prime factors of 54464133.
3, 18154711
What are the prime factors of 51182787?
3, 17060929
What are the prime factors of 559559558?
2, 279779779
List the prime factors of 1709642010.
2, 3, 5, 479, 118973
List the prime factors of 3459745935.
3, 5, 233, 311, 1061
List the prime factors of 379597955.
5, 11, 6901781
List the prime factors of 258651383.
31, 8343593
What are the prime factors of 657802239?
3, 53, 4137121
What are the prime factors of 520251562?
2, 761, 341821
List the prime factors of 18999684.
2, 3, 11, 1777
List the prime factors of 733533199.
7, 104790457
What are the prime factors of 260336233?
19, 31, 43, 541
What are the prime factors of 5631731?
7, 73, 103, 107
List the prime factors of 5239738321.
149, 2833, 12413
What are the prime factors of 3114026327?
23, 135392449
List the prime factors of 517133112.
2, 3, 59, 61, 5987
What are the prime factors of 358318899?
3, 39813211
What are the prime factors of 2281348503?
3, 7, 191, 63197
What are the prime factors of 166412715?
3, 5, 7, 97, 16339
What are the prime factors of 462307719?
3, 229, 672937
List the prime factors of 2402705492.
2, 11, 67, 815029
List the prime factors of 54265112.
2, 11, 61, 919
What are the prime factors of 3154006?
2, 193, 8171
What are the prime factors of 1203905379?
3, 19, 67, 239, 1319
List the prime factors of 3783511911.
3, 2293, 550009
List the prime factors of 30358737.
3, 29, 41, 2837
List the prime factors of 51042975.
3, 5, 53, 12841
List the prime factors of 303175960.
2, 5, 17, 445847
What are the prime factors of 61178289?
3, 20392763
What are the prime factors of 54900576?
2, 3, 19, 79, 127
What are the prime factors of 3808345752?
2, 3, 211, 250681
What are the prime factors of 84064559?
139, 604781
List the prime factors of 27323618.
2, 7, 1951687
List the prime factors of 1428038006.
2, 59, 12102017
What are the prime factors of 2525765193?
3, 7, 13363837
List the prime factors of 170468699.
29, 241, 24391
List the prime factors of 867442311.
3, 43, 211, 3541
List the prime factors of 6693580320.
2, 3, 5, 7, 284591
What are the prime factors of 1403866433?
19, 23, 3212509
List the prime factors of 44111129.
44111129
List the prime factors of 1639307742.
2, 3, 12841, 21277
What are the prime factors of 66547729?
66547729
What are the prime factors of 145953313?
11, 17, 780499
List the prime factors of 212209881.
3, 13, 5441279
List the prime factors of 54881955.
3, 5, 135511
List the prime factors of 151985686.
2, 47, 241, 6709
List the prime factors of 2784490870.
2, 5, 7, 37, 1075093
List the prime factors of 1821955115.
5, 337, 1081279
What are the prime factors of 131454669?
3, 2393, 18311
What are the prime factors of 59813981?
79, 193, 3923
List the prime factors of 5150685.
3, 5, 343379
What are the prime factors of 994409960?
2, 5, 24860249
List the prime factors of 1068937466.
2, 23, 79, 294149
List the prime factors of 173555520.
2, 3, 5, 347, 521
List the prime factors of 82461023.
31, 199, 13367
List the prime factors of 50814064.
2, 7, 79, 5743
What are the prime factors of 1300218673?
13, 100016821
List the prime factors of 33931815.
3, 5, 19, 67, 1777
List the prime factors of 45789893.
853, 53681
Lis